e 10) to base 11.
1167710
Convert -6566131 (base 8) to base 4.
-12232301121
69232 (base 11) to base 8
303406
Convert -6806147 (base 11) to base 12.
-3bb16b8
-273601 (base 9) to base 11
-104275
Convert -cdd34f (base 16) to base 2.
-110011011101001101001111
Convert 14148 (base 10) to base 13.
6594
What is 4837884 (base 9) in base 16?
2808b2
What is -6c5b (base 13) in base 10?
-15286
Convert 1001110001100110110100 (base 2) to base 4.
21301212310
Convert 145233101 (base 6) to base 5.
1240142030
What is 201111211220020 (base 3) in base 6?
1010133010
-15b06b8 (base 12) to base 4
-101000223230
255425 (base 9) to base 4
211310033
What is 4c89e (base 15) in base 16?
3bcd5
What is 1898100 (base 10) in base 5?
441214400
Convert -1211021120020 (base 3) to base 10.
-969981
What is 10884a (base 15) in base 12?
3201b1
What is 2920fa (base 16) in base 3?
12001221102022
Convert -1101010010111111011001 (base 2) to base 6.
-202413145
Convert -87ac09 (base 15) to base 2.
-11000101010100100101010
101022201110 (base 3) to base 6
4204403
-19a93 (base 15) to base 14
-22564
19ba5b (base 12) to base 15
90185
24e84 (base 16) to base 3
21200100222
338811 (base 14) to base 9
3260570
-4bd4e9 (base 15) to base 6
-210000533
What is -332251 (base 7) in base 9?
-88147
Convert 163195 (base 11) to base 6.
5231455
What is 1108840 (base 9) in base 3?
1010022221100
What is 1001010000001000010000 (base 2) in base 12?
98b694
What is 2c8cc (base 16) in base 4?
230203030
Convert -ac014 (base 15) to base 3.
-1000210000201
What is 8d0c51 (base 14) in base 2?
10010010100111101000111
Convert 1057a47 (base 13) to base 16.
4c1776
44a85 (base 14) to base 15
345e7
Convert 1150101420 (base 6) to base 4.
302032021110
What is 6373124 (base 9) in base 3?
20102110010211
What is 122000023 (base 4) in base 7?
622342
Convert -28626 (base 9) to base 10.
-19464
Convert -3a50a4 (base 11) to base 16.
-9b5ac
22101001011212 (base 3) to base 8
20761702
What is -7490 (base 14) in base 8?
-47226
What is -1123123 (base 7) in base 16?
-22441
Convert 131576 (base 13) to base 11.
294767
Convert -10433110 (base 7) to base 2.
-11011011011111110011
What is 102211112000 (base 3) in base 6?
4554213
Convert -349a0 (base 13) to base 11.
-66244
What is -83b2 (base 16) in base 14?
-c402
-10101001001010000 (base 2) to base 3
-11101210201
What is 6652474 (base 8) in base 4?
12311110330
What is 346226 (base 7) in base 2?
1111001011111001
What is -4231 (base 16) in base 5?
-1020240
372535 (base 9) to base 10
224969
1212002000122 (base 3) to base 12
3b6475
Convert 213021232 (base 4) to base 3.
22010222111
Convert -dd900 (base 16) to base 14.
-198a2c
Convert 179926 (base 11) to base 14.
72b58
12ad60 (base 15) to base 4
3123011232
What is -daaaa (base 15) in base 11?
-434699
Convert 869b6 (base 14) to base 3.
121112210120
Convert 4224241114 (base 5) to base 13.
1a9b28c
Convert 1200799 (base 12) to base 2.
1101010010110001100101
Convert -22421414 (base 5) to base 10.
-201484
Convert -244133152 (base 7) to base 13.
-3234bb9
What is 1221421 (base 6) in base 12?
31871
3a4ca (base 14) to base 8
430442
What is 21201103331 (base 4) in base 10?
2495741
140353 (base 6) to base 2
11001100101101
What is 21211301231 (base 4) in base 14?
496297
Convert -411543 (base 6) to base 9.
-50020
Convert 36354610 (base 7) to base 3.
20002122022001
What is -14ca07 (base 13) in base 16?
-7d63e
6418356 (base 9) to base 13
934854
What is 102111020001111 (base 3) in base 13?
135a405
Convert 6614 (base 14) to base 15.
5373
Convert b91930 (base 12) to base 14.
5628ba
What is 43565 (base 12) in base 4?
111231131
What is -6488681 (base 9) in base 4?
-31102201021
What is 52323 (base 6) in base 9?
10576
Convert -383847 (base 10) to base 2.
-1011101101101100111
What is -3221203412 (base 5) in base 2?
-11010000000110110100000
Convert -12012120 (base 3) to base 15.
-11d0
10000121111012 (base 3) to base 5
402400333
2b06d (base 14) to base 16
1a269
What is 1101111101010011000 (base 2) in base 3?
212020101120
12b8281 (base 15) to base 2
110011011110011000111101
Convert 31354042 (base 6) to base 13.
2615cc
-110100001101110110 (base 2) to base 6
-4330102
What is -553325 (base 7) in base 3?
-11221101022
Convert -ede63 (base 15) to base 9.
-1371763
-9849b (base 12) to base 7
-1465265
-878ac4 (base 14) to base 4
-101201332010
What is 1a5361 (base 11) in base 14?
828b8
Convert -111001100111100 (base 2) to base 16.
-733c
What is -68767 (base 9) in base 15?
-d8a1
2422004432 (base 5) to base 16
565123
-2625756 (base 10) to base 13
-70c203
12232213330 (base 4) to base 14
33cb24
-6797871 (base 10) to base 8
-31735057
Convert -8030188 (base 9) to base 11.
-2458166
Convert 163266 (base 8) to base 9.
100014
What is 1c48229 (base 14) in base 5?
12111100334
Convert -36a3a (base 15) to base 9.
-285241
43644 (base 10) to base 7
241146
What is aa742 (base 15) in base 14?
101565
What is -258253 (base 9) in base 11?
-a7a08
What is 9a8a2 (base 14) in base 11?
236733
Convert -443331134 (base 5) to base 8.
-7277756
Convert 162439 (base 12) to base 16.
5c1ed
313535551 (base 6) to base 5
2402042221
1002111202201 (base 3) to base 4
2031303223
-100753 (base 9) to base 15
-12a29
What is 7867764 (base 10) in base 8?
36006564
Convert 3110300103 (base 4) to base 7.
10256436
-21b857 (base 16) to base 11
-127a351
2222010011 (base 3) to base 4
32100211
2499a (base 15) to base 11
7a931
-2321262 (base 7) to base 8
-1070276
Convert -37377 (base 15) to base 13.
-62317
Convert 13262024 (base 7) to base 11.
767581
10a4a5 (base 11) to base 15
36c90
What is 100111011001100110001 (base 2) in base 3?
2102120222221
Convert 2ad55 (base 15) to base 7.
1113230
What is 39994a8 (base 11) in base 10?
6908492
-1311223223 (base 4) to base 9
-814185
What is 1101101100010101010000 (base 2) in base 14?
69617a
-70173 (base 11) to base 2
-11001000100100000
216383 (base 9) to base 3
20120102210
What is 1211312302 (base 4) in base 15?
83937
What is 1d6ba (base 14) in base 11?
51741
What is -110101001000100010 (base 2) in base 11?
-13956a
Convert 1010011011001010 (base 2) to base 5.
2331243
What is -132303231 (base 4) in base 9?
-212080
-74211 (base 12) to base 9
-252004
Convert -225247 (base 9) to base 6.
-2521154
What is -851215 (base 9) in base 6?
-14503022
Convert -130103134 (base 5) to base 13.
-190127
-1117835 (base 9) to base 14
-119998
Convert 1500243 (base 6) to base 12.
41683
What is 1c19a7 (base 13) in base 5?
140433010
What is -1010000010000000101 (base 2) in base 12?
-13a285
49175 (base 12) to base 2
11000000110101001
-b2546 (base 12) to base 4
-320232012
Convert -120212112 (base 4) to base 3.
-12010012210
-591779 (base 10) to base 3
-1010001202202
Convert 21011002002 (base 4) to base 5.
1102124111
-1002211212112 (base 3) to base 8
-2173330
What is -100111001000110111 (base 2) in base 9?
-263813
What is 80731 (base 10) in base 14?
215c7
131221332 (base 4) to base 6
2334210
-1214361 (base 7) to base 13
-55866
Convert 10001101111010101100111 (base 2) to base 13.
c6a8a9
What is 54c411 (base 15) in base 2?
1111011010100001010111
What is 192469 (base 10) in base 8?
567725
-320814 (base 10) to base 15
-650c9
30c2a4 (base 16) to base 9
6010427
-540252 (base 11) to base 7
-10226203
-456124 (base 10) to base 4
-1233112330
362df9 (base 16) to base 12
1232989
Convert -31cc0 (base 14) to base 13.
-42b12
632b (base 15) to base 16
51e6
-100022000211 (base 3) to base 5
-21324001
What is 3c8a01 (base 16) in base 8?
17105001
Convert 111101011111101110101101 (base 2) to base 16.
f5fbad
Convert 1b45830 (base 12) to base 3.
101221110221000
What is -57475 (base 11) in base 14?
-223cc
Convert -4213111102 (base 5) to base 15.
-b74752
-a9a516 (base 11) to base 5
-422144321
120212100101020 (base 3) to base 4
200022120321
What is -95041 (base 11) in base 15?
-2b064
Convert -13005535 (base 6) to base 2.
-1100110110101000011
What is -4434531 (base 6) in base 9?
-368411
Convert -33413214 (base 7) to base 15.
-3c28b3
Convert 12091 (base 11) to base 5.
1024103
Convert 432010 (base 6) to base 5.
2113210
What is -1233211120 (base 4) in base 9?
-765851
What is 6b127 (base 12) in base 16?
230ef
-152305 (base 10) to base 8
-451361
-738a5 (base 12) to base 13
-54017
What is 131b743 (base 13) in base 11?
3424966
2378123 (base 9) to base 5
312320030
